 the prime factors of 3349718.
2, 383, 4373
List the prime factors of 401979.
3, 133993
List the prime factors of 1093056.
2, 3, 5693
List the prime factors of 774954.
2, 3, 113, 127
List the prime factors of 4452712.
2, 11, 50599
What are the prime factors of 1068009?
3, 19, 41, 457
List the prime factors of 45434.
2, 22717
List the prime factors of 5582441.
409, 13649
List the prime factors of 224297.
61, 3677
List the prime factors of 197910.
2, 3, 5, 733
List the prime factors of 43808.
2, 37
List the prime factors of 627594.
2, 3, 11, 37, 257
List the prime factors of 20485403.
139, 147377
What are the prime factors of 841992?
2, 3, 35083
What are the prime factors of 1591032?
2, 3, 66293
List the prime factors of 98217.
3, 7, 1559
What are the prime factors of 949254?
2, 3, 158209
List the prime factors of 306807.
3, 31, 3299
What are the prime factors of 261268?
2, 7, 31, 43
What are the prime factors of 3181196?
2, 795299
What are the prime factors of 6839207?
6839207
List the prime factors of 251460.
2, 3, 5, 11, 127
What are the prime factors of 2192737?
2192737
List the prime factors of 680099.
7, 97157
What are the prime factors of 331004?
2, 83, 997
List the prime factors of 25536.
2, 3, 7, 19
List the prime factors of 2813637.
3, 389, 2411
List the prime factors of 122573.
11, 1013
List the prime factors of 8896238.
2, 13, 263, 1301
List the prime factors of 187559.
187559
List the prime factors of 2760053.
2760053
List the prime factors of 1089555.
3, 5, 19, 3823
What are the prime factors of 19290330?
2, 3, 5, 23, 9319
List the prime factors of 8126738.
2, 4063369
What are the prime factors of 2087518?
2, 1043759
What are the prime factors of 2013810?
2, 3, 5, 19, 3533
What are the prime factors of 3974824?
2, 7, 70979
List the prime factors of 717132.
2, 3, 13, 4597
List the prime factors of 15857219.
7, 89, 25453
List the prime factors of 20055755.
5, 547, 7333
What are the prime factors of 1063253?
41, 25933
What are the prime factors of 15139194?
2, 3, 7, 360457
What are the prime factors of 294441?
3, 7, 2003
List the prime factors of 3376990.
2, 5, 37, 9127
What are the prime factors of 825133?
103, 8011
List the prime factors of 1526169.
3, 163, 3121
List the prime factors of 2628360.
2, 3, 5, 7, 149
What are the prime factors of 376409?
11, 19, 1801
What are the prime factors of 561018?
2, 3, 93503
What are the prime factors of 1065899?
1065899
List the prime factors of 342099.
3, 38011
What are the prime factors of 10251790?
2, 5, 23, 29, 53
What are the prime factors of 424365?
3, 5, 19, 1489
List the prime factors of 561011.
11, 51001
List the prime factors of 934570.
2, 5, 7, 13, 79
List the prime factors of 548914.
2, 274457
What are the prime factors of 1801760?
2, 5, 11261
What are the prime factors of 2128955?
5, 425791
List the prime factors of 1073432.
2, 109, 1231
What are the prime factors of 3173530?
2, 5, 317353
List the prime factors of 8051557.
17, 397, 1193
List the prime factors of 4336375.
5, 113, 307
What are the prime factors of 130544?
2, 41, 199
List the prime factors of 10613.
10613
What are the prime factors of 32766?
2, 3, 43, 127
What are the prime factors of 5417461?
7, 29, 26687
List the prime factors of 430167.
3, 223, 643
List the prime factors of 720340.
2, 5, 36017
What are the prime factors of 1205691?
3, 17, 47, 503
What are the prime factors of 438897?
3, 146299
What are the prime factors of 119987?
7, 61, 281
What are the prime factors of 29876357?
7, 43, 99257
List the prime factors of 1521416.
2, 13, 14629
List the prime factors of 439721.
67, 6563
List the prime factors of 3670287.
3, 19, 3389
What are the prime factors of 747589?
59, 12671
What are the prime factors of 405680?
2, 5, 11, 461
What are the prime factors of 9788469?
3, 3262823
List the prime factors of 21665638.
2, 103, 105173
List the prime factors of 48315.
3, 5, 3221
What are the prime factors of 5014093?
7, 716299
List the prime factors of 1341049.
461, 2909
List the prime factors of 269771.
101, 2671
What are the prime factors of 260414?
2, 7, 11, 19, 89
What are the prime factors of 1530293?
1530293
List the prime factors of 362561.
362561
What are the prime factors of 3957357?
3, 23, 83, 691
List the prime factors of 1438178.
2, 7, 43, 2389
List the prime factors of 742734.
2, 3, 41263
What are the prime factors of 7601714?
2, 3800857
What are the prime factors of 820413?
3, 11, 8287
What are the prime factors of 16299?
3, 1811
What are the prime factors of 389867?
389867
List the prime factors of 25451407.
25451407
List the prime factors of 4942047.
3, 11, 149759
What are the prime factors of 420832?
2, 13151
What are the prime factors of 1984022?
2, 992011
List the prime factors of 5089324.
2, 17, 74843
List the prime factors of 1027689.
3, 13, 2027
What are the prime factors of 5282852?
2, 17, 77689
What are the prime factors of 216081?
3, 53, 151
What are the prime factors of 475590?
2, 3, 5, 83, 191
List the prime factors of 200795.
5, 7, 5737
What are the prime factors of 393889?
19, 20731
List the prime factors of 30343943.
7, 863, 5023
What are the prime factors of 24792670?
2, 5, 7, 354181
What are the prime factors of 510402?
2, 3, 257, 331
What are the prime factors of 1036979?
1036979
List the prime factors of 12317553.
3, 1368617
What are the prime factors of 16529810?
2, 5, 11, 19, 719
List the prime factors of 933544.
2, 61, 1913
List the prime factors of 43140.
2, 3, 5, 719
What are the prime factors of 1734852?
2, 3, 7, 19, 1087
List the prime factors of 1347686.
2, 359, 1877
What are the prime factors of 1657097?
13, 41, 3109
What are the prime factors of 636779?
11, 13, 61, 73
What are the prime factors of 2930564?
2, 7, 13, 83, 97
List the prime factors of 376758.
2, 3, 6977
What are the prime factors of 4183351?
4183351
What are the prime factors of 20516436?
2, 3, 189967
What are the prime factors of 183382?
2, 91691
List the prime factors of 5624027.
107, 52561
What are the prime factors of 27388?
2, 41, 167
List the prime factors of 307701.
3, 179, 191
What are the prime factors of 218240?
2, 5, 11, 31
What are the prime factors of 795068?
2, 113, 1759
What are the prime factors of 1466883?
3, 11, 449
List the prime factors of 3187722.
2, 3, 531287
What are the prime factors of 160564?
2, 137, 293
List the prime factors of 841464.
2, 3, 13, 29, 31
List the prime factors of 1301829.
3, 433943
What are the prime factors of 365092?
2, 7, 13, 17, 59
List the prime factors of 1445825.
5, 151, 383
What are the prime factors of 180807?
3, 11, 5479
What are the prime factors of 19815030?
2, 3, 5, 17, 1439
List the prime factors of 5262888.
2, 3, 103, 2129
List the prime factors of 7364735.
5, 7, 210421
What are the prime factors of 1936243?
29, 179, 373
What are the prime factors of 734875?
5, 5879
What are the prime factors of 378820?
2, 5, 13, 31, 47
What are the prime factors of 12971326?
2, 53, 79, 1549
List the prime factors of 161908.
2, 17, 2381
List the prime factors of 3927213.
3, 436357
List the prime factors of 3668681.
79, 46439
What are the prime factors of 430815?
3, 5, 7, 11, 373
What are the prime factors of 413082?
2, 3, 53, 433
What are the prime factors of 393727?
393727
List the prime factors of 378090.
2, 3, 5, 4201
List the prime factors of 2065088.
2, 41, 787
What are the prime factors of 262580?
2, 5, 19, 691
List the prime factors of 55783.
7, 13, 613
What are the prime factors of 38967?
3, 31, 419
What are the prime factors of 2841827?
43, 66089
List the prime factors of 99117.
3, 3671
What are the prime factors of 286738?
2, 307, 467
List the prime factors of 14862628.
2, 11, 151, 2237
List the prime factors of 16588633.
16588633
List the prime factors of 28739370.
2, 3, 5, 11, 73, 1193
What are the prime factors of 5082259?
7, 13, 55849
List the prime factors of 1204766.
2, 602383
What are the prime factors of 294040?
2, 5, 7351
What are the prime factors of 6037841?
61, 98981
List the prime factors of 1080475.
5, 11, 3929
List the prime factors of 2323749.
3, 774583
What are the prime factors of 1065394?
2, 11, 79, 613
What are the prime factors of 875513?
875513
List the prime factors of 133381.
83, 1607
List the prime factors of 37546.
2, 18773
What are the p